 -1) + 9 + -7).
-6
What is the value of 17 + -1 + (3 - 7 - (-5 - 1))?
18
Evaluate (3 - -18 - (172 + -154)) + 28.
31
Evaluate 31 - -37 - 31 - (7 - -1).
29
-10 + 2 + 6 + -9
-11
What is the value of (-8 - (2 + -5)) + -13 + 5 + 14?
1
What is the value of 3 + -14 + 21 + -20?
-10
What is the value of -24 - (-14 + (37 - 19) + (-10 - 2))?
-16
Calculate (-2 - (3 + -10)) + -12 + 24 - 2.
15
Evaluate -8 - (-11 - -6) - (-4 - -9 - 6).
-2
What is the value of -13 + 3 - (-186 - -157)?
19
Evaluate (-6 - (-4 + (-1 - -4))) + -7 + 0.
-12
What is the value of 59 - (23 - -9) - (2 + 1 + -9)?
33
Calculate -1 - -24 - (20 + -2).
5
-14 - -15 - (-4 + -5)
10
8 + (-10 - 4) + -3
-9
What is -16 - (20 + (-29 - -10))?
-17
What is 48 + -46 + (7 - -9)?
18
What is the value of -19 + 7 - -3 - (-35 - -41)?
-15
What is the value of (-25 - 5) + (9 - 22) + 17?
-26
2 + -17 - (-1 - -24 - 9)
-29
Calculate (1 - -3) + (7 - 2) + -27 - -7.
-11
-8 + (5 - (-5 - 2))
4
Calculate (6 - 12 - -12) + 5 + -20 + 9.
0
Calculate 23 + (1 - (3 - (-3 - -13) - -8)).
23
Evaluate 0 - (0 - 15 - ((9 - -18) + -29)).
13
-19 + 15 + 1 + (-3 - -7)
1
Calculate 191 - 186 - (-11 + (0 - -1)).
15
Calculate (-16 + -16 - -34) + (0 - -14).
16
Evaluate 47 + -49 + 52 - 25.
25
Evaluate (10 - 18) + 37 + -24.
5
Evaluate -5 - ((20 - 14) + -9 + 7 + 0).
-9
Calculate -1 + (2 - 1 - -6) - (152 + -147).
1
What is (-3 - (3 - -4 - 3)) + -7 + 2?
-12
What is the value of 273 + -273 + -7 + -2 + -1?
-10
Calculate 5 + (-16 + 20 - (7 + -4)) + 17.
23
Calculate -20 - -43 - 23 - (2 - (-2 + 1)).
-3
22 + (-6 - (-14 + 12))
18
Calculate 1474 - 1454 - (-1 + 0).
21
What is the value of -2 + 6 + -103 + 99 + -7 + 0?
-7
Calculate 0 + 3 + -2 - (-40 + 69 - 23).
-5
Evaluate (6 - (-11 - -6)) + -14.
-3
What is 6 + -5 - (2 + -1) - (24 + -27)?
3
Evaluate 8 - (12 - (-3 - 7 - -8)).
-6
Calculate (3 + -8 - -4 - (-11 - -17)) + 16.
9
What is (1 + 0 - 6) + 3 - (1 - 11)?
8
-14 + (6 - 0 - 0) - (-44 - -12)
24
What is the value of -40 + 31 - (-13 + 1) - -3?
6
Calculate (-45 - -48) + (-4 - (5 - 2)) - 11.
-15
What is 7 - (2 - (-2 + (-13 - 7)))?
-17
Evaluate (-19 - 3) + 14 - -12.
4
Calculate 44 + (-34 - (7 - 22)).
25
What is the value of 7 - ((12 - 6) + 7 + -6 + 1)?
-1
What is (-26 + 30 - (1 - -13)) + 1 - 2?
-11
What is (-86 - -90) + (-4 + 1 - -1) - -2?
4
Calculate 11 - (7 - (-26 + 30)).
8
What is 7 - (-8 + 2 + 9)?
4
Evaluate -3 + -1 + -16 + (-8 - -25).
-3
What is (5 + -8 - 10) + 15?
2
Calculate (7 + -9 - (-5 - -1)) + 12 + -10.
4
What is 1 + (14 - 28) + (-1 - -9)?
-5
Calculate -4 + -7 - (-20 + 16).
-7
-7 - (-16 - -22) - -23
10
What is 17 + -12 - 22 - -29?
12
Calculate 2 - (26 - -14 - 12) - -3.
-23
Calculate 1 + 0 - (322 - 346).
25
What is -1 + 0 - -5 - (-12 - (-10 + 2))?
8
(114 - 118) + 1 + -22
-25
((-197 - -208) + 0 + -50 - -11) + -7
-35
Calculate (-12 - (9 - (-9 + 16))) + 45.
31
What is 6 + -15 + 8 + 20?
19
Evaluate 17 - (14 + 10 + -18).
11
Calculate 12 + (-9 - (-10 + 3)).
10
-6 + 11 + 0 - 18
-13
What is the value of -1 + -8 + 14 + (2 - (4 - 1))?
4
-40 - ((-69 - -3) + 4)
22
-10 + 21 + -18 + 19
12
Evaluate -7 + 1 + 111 + -118 + -5.
-18
What is -13 - -7 - (5 + -6 - -1) - 5?
-11
What is the value of 1032 + -1036 + (-2 - -4) + -3?
-5
What is 1 + (4 - (-12 + 6 + 9))?
2
-29 - (25 + (2 - 24) - (-2 + 11))
-23
(35 - 49 - -5) + 9
0
What is the value of -3 + -23 + 64 + -39?
-1
What is 33 + -9 + (14 - 23) - 7?
8
46 + -15 + 4 - 63
-28
-4 - (-11 - (1 + 4 - (-9 - -47)))
-26
Evaluate -6 - 12 - (-1 - 11).
-6
(-1 - -20) + (-4 - 11 - (4 + -16))
16
-5 + (-4 - 2) + (-8 - -8) + 3
-8
Calculate -1 - ((-54 - -20) + -14 - (3 - 9)).
41
What is -17 - (-11 + -7) - (-2 - (3 - 3))?
3
Calculate -15 - (-14 + 2) - (1 - 18).
14
What is the value of -28 + (38 - 5) + 1?
6
What is (-1 - -1) + 0 + 216 + -217?
-1
What is the value of -4 + (5 - 2) - (-55 - -61)?
-7
What is the value of 9 + (-66 - -75 - (12 - -1))?
5
What is the value of -8 + (15 - -19) + -15?
11
11 + -1 + (7 + -7 - (1 + 5))
4
632 - 609 - (1 + 33)
-11
Evaluate 2 + 1 - (-1 - -2 - -15).
-13
What is the value of -15 + -3 + 11 - (3 - -1)?
-11
15 + -2 + -9 + 1 + -1 + -16
-12
Evaluate -1 + 9 - (38 + -7 + -30).
7
0 - 3 - (3 + (23 + -15 - 13))
-1
Evaluate 0 + (-16 + -2 - (8 + (7 - 14))).
-19
Calculate 1 + 7 + (-21 - (-2 + 20 - 36)).
5
Evaluate -4 + 12 - (-6 + 18 + -13).
9
Evaluate 1 - -2 - (-13 - (-7 - (20 + -13))).
2
Calculate -10 - (4 + 4 + 3).
-21
What is the value of (-42 - -171) + -120 + (1 - 1 - -11)?
20
Evaluate 7 - ((10 + -19 - -4) + (0 - -5)).
7
Calculate -22 - -13 - (-22 + 34).
-21
(-4 - -2) + (16 - (0 + 7))
7
-5 - (-12 + (3 - 3))
7
-1 + 0 + 1 + 0 + (-2 - -15)
13
Calculate -4 + (-4 - -8) + 7 - -6.
13
25 - (9 - (22 + -45))
-7
-23 - ((-3 - (-11 - -4)) + -5)
-22
(-1 - 4) + 0 - (-4 - 5)
4
What is the value of 34 + -31 - 33 - (-1 - (2 - 1))?
-28
What is the value of -14 + 42 + -44 + 39?
23
Calculate 23 + (-4 - (-4 - -4)).
19
What is the value of (-7 - -4) + 8 - -1 - (5 + 2)?
-1
What is the value of -39 - (-6 + 4 - 18)?
-19
0 + (0 + (16 - 7) - 15) - 17
-23
Evaluate (-1 - -15 - 2) + 16 - (0 - -7).
21
What is the value of 28 - ((-4 - -6) + -10 - (-153 - -134))?
17
What is the value of -18 + 4 - (-8 - (10 + -12))?
-8
Calculate 6 - (-1 - (-4 - 7)).
-4
What is 4 + -3 - -12 - (8 - 0)?
5
-9 - -13 - (-5 + 5)
4
What is -64 - -2 - (-11 - 22)?
-29
8 + (-11 - 8) - (5 - 2)
-14
-1 - (-1 + -2) - (11 + -27 + 10)
8
(4 - 8) + (-9 + 19 - -7)
13
What is (8 - (-1 - -2)) + 32 + -94 + 59?
4
What is the value of -1 + -6 - -1 - (528 - 535)?
1
Evaluate 27 - (12 - -21 - -24).
-30
-3 - 0 - (5 + 10) - -6
-12
What is the value of (-17 - -1) + (6 - -12 - 10)?
-8
Evaluate 5 + (39 - 53) + -28.
-37
-17 + -6 + 12 + 3
-8
Calculate 19 - (-1 + 13 + 7).
0
Evaluate (-2 + 12 + -10 - -8) + -36.
-28
Calculate -26 - -17 - (2 - -17) - (-5 - 0).
-23
Calculate 25 + (-9 - (4 - 9)) + 5.
26
What is the value of -11 + (7 - 9) + 15?
2
-18 - (1 - -1 - (-33 - -18 - -19))
-16
26 + -4 + -21 + -4
-3
What is the value of (-1 - -23) + (-906 - -881)?
-3
-6 + -1 + -15 - -18
-4
What is the value of 57 + -94 + (26 - 2)?
-13
What is 6 + 24 + -2 + -14?
14
-6 - (-7 - (5 + 7 + -4 + 7))
16
(0 + -1 - (-89 + 91)) + (14 - 1)
10
Evaluate (12 - -6) + -11 + (-2 - 7).
-2
What is (16 - 0) + (1 - 36) + 0?
-19
What is 5 + -15 + 4 + -12 - (-2 + 1)?
-17
Calculate (-4 - -1) + -1 - (64 - 64) - 14.
-18
What is the value of -1 + 34 - (-81 - -82)?
32
What is 10 + -1 + (-27 + 8 - -33)?
23
Calculate -30 + 4 + -18 + 34.
-10
Evaluate (6 - 1) + -25 + 20 + (18 - 6).
12
Evaluate 5 + 22 + (-19 - -16).
24
Calculate 2 + -7 + (8 - (-2 + 7 + -4)).
2
What is the value of (1 - -1 - (29 - (45 - 22))) + -3?
-7
What is the value of 1 + -6 + 1 + -10 + 16 - -1?
3
Evaluate -25 + 6 + 26 + -30.
-23
What is -8 - -9 - ((10 + -4 - 8) + 6)?
-3
-26 - (1 - 10) - -1 - -3
-13
Evaluate 98 + -94 - (-7 + 0).
11
-10 + -20 + 5 + (23 - 22)
-24
(-7 + -6 - -8) + 6
1
Evaluate 6 + (12 - -4) - 18.
4
Calculate -5 + -5 + 26 - 6 - (-16 + 31).
-5
What is the value of 1 + (-8 - -12) - -1 - 10?
-4
What is the value of -8 + 3 - -6 - (23 - (8 - 1))?
-15
What is the value of (136 - 144) + 9 + 0?
1
What is -27 - (-20 - (14 - 20))?
-13
What is the value of (-4 - (14 + -2)) + -4 - (3 + -8)?
-15
What is the value of 0 - 5 - (-2038 - -2019)?
14
Evaluate -1 - -71 - 16 - 30.
24
Evaluate 2 + -3 + -15 + (13 - (-7 - -14)).
-10
11 + (12 - 10) + -16
-3
Calculate -19 + 14 - 6 - -3.
-8
Calculate -9 - ((7 - 16 - 17) + -1).
18
-18 - (-1 + -2 + 11 - 14 - 2)
-10
Calculate -122 + 104 + -1 + 36.
17
What is -6 + 1 + -11 + 12?
-4
0 + -2 + -4 + -5 + -3
-14
Evaluate (35 + -20 - 6) + (-13 - -1).
-3
Evaluate -8 - (-6 + -2 + 9 - (-3 + 6)).
-6
What is the value of (3 - (-30 + 43)) + 0 + (0 - 0)?
-10
Calculate (16 + -4 - 19) + 10.
3
What is the value of 80 - 59 - (10 - 0)?
11
Calculate (8 - (51 + -51 - (-2 - -1))) + -18.
-11
Evaluate 16 + -1 + 27 + 7 + -58.
-9
What is 13 - -5 - (32 - 13)?
-1
Evaluate 10 - ((14 - 7) + -12).
15
Calculate -11 - (-22 - (-10 + 15)).
16
What is -3 + (1 - 3 - -9) + -15?
-11
Calculate 14 - (6 - (3 + -2)) - -1.
10
26 - (34 + -16 - -23)
-15
What is the value of (39 - (27 - 40)) + -44?
8
Calculate -6 - -26 - -4 - (8 + -10).
26
(-12 - -7 - -17) + 4 + 6
22
What is -15 - (3 - (-1 + 25))?
6
What is -1 + 17 - (-8 - (-8 + (-12 - -5)))?
9
Evaluate -8 + 11 + 0 + 7 + (0 - 0).
10
Evaluate -13 - (